 remainder when 696867 is divided by 83.
82
What is the remainder when 8702 is divided by 540?
62
Calculate the remainder when 1234715 is divided by 20.
15
What is the remainder when 143694 is divided by 112?
110
Calculate the remainder when 12784 is divided by 329.
282
Calculate the remainder when 18769 is divided by 90.
49
What is the remainder when 223618 is divided by 5?
3
What is the remainder when 83209 is divided by 207?
202
What is the remainder when 2060 is divided by 2036?
24
What is the remainder when 3228 is divided by 963?
339
What is the remainder when 23167 is divided by 177?
157
Calculate the remainder when 4318 is divided by 1366.
220
What is the remainder when 1739 is divided by 28?
3
What is the remainder when 2938 is divided by 2863?
75
What is the remainder when 37766 is divided by 37763?
3
What is the remainder when 10322 is divided by 12?
2
Calculate the remainder when 4632 is divided by 20.
12
Calculate the remainder when 16860 is divided by 35.
25
What is the remainder when 803 is divided by 265?
8
Calculate the remainder when 14454 is divided by 47.
25
What is the remainder when 9438 is divided by 3146?
0
What is the remainder when 42061 is divided by 21027?
7
What is the remainder when 3079 is divided by 207?
181
What is the remainder when 462383 is divided by 76?
75
What is the remainder when 3104699 is divided by 21?
17
What is the remainder when 40782 is divided by 72?
30
What is the remainder when 52412 is divided by 771?
755
Calculate the remainder when 1231 is divided by 211.
176
What is the remainder when 190428 is divided by 176?
172
Calculate the remainder when 4913 is divided by 218.
117
What is the remainder when 2725 is divided by 145?
115
What is the remainder when 29660 is divided by 26?
20
Calculate the remainder when 675044 is divided by 225009.
17
Calculate the remainder when 6492 is divided by 1259.
197
Calculate the remainder when 2002 is divided by 400.
2
Calculate the remainder when 154130 is divided by 249.
248
What is the remainder when 102 is divided by 25?
2
Calculate the remainder when 18744 is divided by 13.
11
What is the remainder when 11535 is divided by 31?
3
Calculate the remainder when 3402 is divided by 803.
190
Calculate the remainder when 5128 is divided by 5022.
106
What is the remainder when 364621 is divided by 291?
289
Calculate the remainder when 296055 is divided by 113.
108
Calculate the remainder when 149592 is divided by 90.
12
Calculate the remainder when 289 is divided by 142.
5
Calculate the remainder when 1408499 is divided by 9.
8
What is the remainder when 372 is divided by 271?
101
What is the remainder when 64783 is divided by 374?
81
Calculate the remainder when 77813 is divided by 19442.
45
What is the remainder when 5771 is divided by 720?
11
Calculate the remainder when 1237 is divided by 194.
73
What is the remainder when 25010 is divided by 5002?
0
What is the remainder when 2945838 is divided by 1230?
1218
Calculate the remainder when 271891 is divided by 202.
201
What is the remainder when 178888 is divided by 13759?
21
What is the remainder when 9201 is divided by 178?
123
What is the remainder when 2722 is divided by 105?
97
Calculate the remainder when 1464 is divided by 4.
0
Calculate the remainder when 43688 is divided by 972.
920
Calculate the remainder when 352763 is divided by 164.
163
What is the remainder when 11240 is divided by 66?
20
Calculate the remainder when 54344 is divided by 183.
176
What is the remainder when 9832 is divided by 40?
32
What is the remainder when 686 is divided by 7?
0
Calculate the remainder when 262110 is divided by 41.
38
What is the remainder when 11473 is divided by 61?
5
Calculate the remainder when 215332 is divided by 16.
4
What is the remainder when 16116 is divided by 23?
16
Calculate the remainder when 191830 is divided by 783.
778
Calculate the remainder when 978519 is divided by 229.
2
What is the remainder when 5784 is divided by 1152?
24
Calculate the remainder when 7256 is divided by 453.
8
Calculate the remainder when 13293 is divided by 1476.
9
Calculate the remainder when 31768 is divided by 7925.
68
Calculate the remainder when 2400 is divided by 118.
40
What is the remainder when 14745 is divided by 497?
332
Calculate the remainder when 159374 is divided by 56.
54
Calculate the remainder when 1733 is divided by 61.
25
What is the remainder when 1521 is divided by 1251?
270
What is the remainder when 589617 is divided by 465?
462
Calculate the remainder when 39177 is divided by 84.
33
What is the remainder when 204859 is divided by 40970?
9
What is the remainder when 5829 is divided by 27?
24
What is the remainder when 5060 is divided by 271?
182
What is the remainder when 13426 is divided by 344?
10
What is the remainder when 21582 is divided by 10785?
12
What is the remainder when 59875 is divided by 19945?
40
What is the remainder when 1592 is divided by 84?
80
What is the remainder when 2269 is divided by 178?
133
What is the remainder when 1019 is divided by 49?
39
Calculate the remainder when 572603 is divided by 190866.
5
Calculate the remainder when 3691 is divided by 701.
186
What is the remainder when 537 is divided by 67?
1
Calculate the remainder when 4262299 is divided by 1420764.
7
Calculate the remainder when 51332 is divided by 8553.
14
What is the remainder when 29199 is divided by 28?
23
What is the remainder when 104968 is divided by 68?
44
Calculate the remainder when 5932 is divided by 27.
19
What is the remainder when 98446 is divided by 21?
19
Calculate the remainder when 37164 is divided by 2491.
2290
Calculate the remainder when 176671 is divided by 58890.
1
What is the remainder when 23455 is divided by 280?
215
Calculate the remainder when 28567 is divided by 794.
777
What is the remainder when 15346 is divided by 30?
16
Calculate the remainder when 59271 is divided by 801.
798
What is the remainder when 13550 is divided by 4437?
239
What is the remainder when 16750 is divided by 58?
46
What is the remainder when 48908 is divided by 12215?
48
What is the remainder when 662435 is divided by 33?
26
Calculate the remainder when 932356 is divided by 65.
61
Calculate the remainder when 4255 is divided by 2035.
185
Calculate the remainder when 3188 is divided by 835.
683
What is the remainder when 5280 is divided by 337?
225
Calculate the remainder when 5876 is divided by 453.
440
Calculate the remainder when 367903 is divided by 109.
28
What is the remainder when 23631 is divided by 11810?
11
Calculate the remainder when 6370 is divided by 220.
210
What is the remainder when 299007 is divided by 128?
127
Calculate the remainder when 65504 is divided by 370.
14
Calculate the remainder when 1719783 is divided by 31.
27
What is the remainder when 21949 is divided by 613?
494
What is the remainder when 234 is divided by 184?
50
What is the remainder when 665676 is divided by 21?
18
Calculate the remainder when 103175 is divided by 1088.
903
What is the remainder when 15462 is divided by 7337?
788
Calculate the remainder when 2811 is divided by 37.
36
What is the remainder when 5753 is divided by 206?
191
Calculate the remainder when 67282 is divided by 16805.
62
What is the remainder when 563 is divided by 208?
147
Calculate the remainder when 1380957 is divided by 685.
682
What is the remainder when 27438 is divided by 4?
2
What is the remainder when 574 is divided by 95?
4
Calculate the remainder when 156166 is divided by 13.
10
Calculate the remainder when 44020 is divided by 21980.
60
What is the remainder when 32034 is divided by 1232?
2
Calculate the remainder when 1892 is divided by 1877.
15
What is the remainder when 3490 is divided by 1163?
1
What is the remainder when 230 is divided by 26?
22
What is the remainder when 16305 is divided by 54?
51
What is the remainder when 90275 is divided by 493?
56
Calculate the remainder when 306153 is divided by 15307.
13
Calculate the remainder when 237995 is divided by 175.
170
What is the remainder when 18452 is divided by 3064?
68
What is the remainder when 3391 is divided by 3325?
66
What is the remainder when 17354 is divided by 4297?
166
Calculate the remainder when 340952 is divided by 340938.
14
What is the remainder when 20